u**2 - 5*u - 2. What is the remainder when r is divided by o(-4)?
16
Let q(k) = 4*k**2 - 3*k. Suppose -d = -6*d + 115. Let l = 41 - d. What is the remainder when l is divided by q(2)?
8
Suppose -3 = 9*c - 12*c. Calculate the remainder when (-1)/(2/(-20)) + 2 is divided by -4*c*(-3 - -2) - -1.
2
Suppose -4*l - 3*j = 122 - 1373, -3*l + 2*j + 951 = 0. Calculate the remainder when l is divided by 79.
78
Suppose 15*k = 1486 - 526. What is the remainder when k is divided by 17?
13
Let a(t) = t**3 - 19*t**2 - t + 22. Let z = 22 + -16. What is the remainder when z is divided by a(19)?
0
Suppose -5*v = 3*p + 3, -13*p - 4*v = -12*p + 8. Calculate the remainder when 240 is divided by p.
0
Let l(g) = g**3 - 8*g**2 + 2*g + 8. Let i be l(6). Let n = 99 + i. Let o = n + -18. Calculate the remainder when 112 is divided by o.
25
Calculate the remainder when 8 - (-8)/(-24)*-21 is divided by 4.
3
Let m = -14 + 19. Calculate the remainder when 28 is divided by (-2)/m - (-9)/(-15) - -12.
6
Suppose -25*q + 2508 = -3*q. What is the remainder when q is divided by 44?
26
Let w(f) = f**3 - 2*f**2 - 3*f. What is the remainder when -2 - 1/(1/(-99)) is divided by w(4)?
17
Suppose 35*i - 254 - 26 = 0. Calculate the remainder when 24 is divided by i.
0
Let l = -555 + 620. Calculate the remainder when l is divided by 17.
14
Suppose 0*k - k = 9. Let f = 68 - k. What is the remainder when f is divided by 2360/148 + (791/259 - 3)?
13
Let k(v) = v**2 - 33*v + 214. Calculate the remainder when 84/1 - (1 + 1) is divided by k(8).
12
Suppose -3*b - 2*p = -b - 18, -2*p = 8. Suppose 2*n = -10, -5*t - 2*n = n - 165. What is the remainder when t is divided by b?
10
Let m(u) = -u**3 + 9*u**2 + 11*u - 10. Let j be m(10). Suppose -2*s + 87 - 43 = j. What is the remainder when s is divided by 3?
1
Suppose -2*q - 8 = -10. What is the remainder when 108 is divided by q + 9/(-11) - (-1530)/55?
24
Let q be 116/(-14) - (-10)/35. Calculate the remainder when 1458/8 + 2/q is divided by 37.
34
Let z(k) be the second derivative of -10*k**3/3 + 3*k**2/2 + 12*k. Calculate the remainder when z(-2) is divided by 15.
13
Suppose 3*j - 1 + 4 = 0. Let p be 179 + j + -2 + 6. Suppose -30 = -4*d + p. What is the remainder when d is divided by 14?
11
Suppose -q + 2*p - 4*p = -357, 359 = q + p. What is the remainder when q is divided by 13?
10
Let v(t) = -t**3 + 4*t**2 + 55*t + 11. What is the remainder when v(-6) is divided by 6?
5
Suppose 6 + 9 = 3*z. Let l = 13 + 11. Calculate the remainder when l is divided by z.
4
Suppose -4*o + 68 = -144. What is the remainder when o is divided by (-8 - -19)*(1 - 0)?
9
Calculate the remainder when (-1)/(21/(-2527)) + (-2)/(-3) is divided by 42.
37
Suppose -f + 242 - 2 = 0. Suppose -5*r - f = -10*r. Suppose 0 = n - 3*n + r. Calculate the remainder when n is divided by 5.
4
Suppose 38*i = 9094 - 1190. What is the remainder when i is divided by 42?
40
What is the remainder when 34 is divided by -5 - (5 + -6) - -9?
4
Suppose 0 = 2*m - 5*i - 5, -30 = m + 5*i - i. Let l be 88/(-110) + (-48)/m. Suppose 3*g = 2 + l. What is the remainder when g is divided by 2?
0
Suppose 268 = 187*i - 183*i. What is the remainder when i is divided by 17?
16
Suppose 2*o + 456 = 5*c, 0 = -44*c + 39*c + o + 453. What is the remainder when c is divided by 17?
5
Let a = -8 + 6. Let g be (-36)/(-15) + a/5. Suppose 0 = -2*h - g + 40. Calculate the remainder when h is divided by 7.
5
Suppose -293*r + 297*r = 252. What is the remainder when 322 is divided by r?
7
Suppose -g + 5*y = -219, 0 = -39*y + 40*y. What is the remainder when 225 is divided by g?
6
Let x(f) = 2 + 2*f - 3 + f**2 + 3 - 3. Calculate the remainder when (2/(-2))/(1/(-67)) is divided by x(-5).
11
Let c be (-1 - (4 + -8)) + -1. Suppose -206 = -3*h - 2*h - 4*a, -83 = -c*h - a. Let m = -23 + h. What is the remainder when 36 is divided by m?
17
Let x be 1075/6 - (-2)/(-12). Let i = -126 + x. Calculate the remainder when i is divided by (-6 - -30) + (-18)/3.
17
Suppose -4*m + 2*d = -18, -3*m - 1 = 5*d + 5. Calculate the remainder when 4 is divided by m.
1
Let h(z) = -5*z**2 + 105*z + 23. What is the remainder when h(20) is divided by 2?
1
Let x be 15/(-18)*-3 - 1/(-2). Suppose 2*t - g - 158 = 0, 0 = -x*t + 5*g - 2*g + 237. Calculate the remainder when t is divided by 27.
25
Let f = 13 + 15. Let d be (-149)/(-4) + (-7)/f. Suppose -2*i + 129 + d = 0. What is the remainder when i is divided by 28?
27
Suppose -403 = -3*i + 158. Let j(q) = -q**3 - 5*q**2 + 9*q + 12. Calculate the remainder when i is divided by j(-7).
46
Let g(j) = j**3 + 8*j**2 + 3*j - 1. Let d(y) = 2*y + 3. Let v be d(-5). Let x = -8253 - -8385. What is the remainder when x is divided by g(v)?
24
Suppose -p - 2*k + 76 = -0*p, 0 = 5*k - 10. Suppose 2*l + p = -4*l. Calculate the remainder when l/18 - (-299)/3 is divided by 25.
24
Let h(d) = -19*d - 5. Calculate the remainder when h(-7) is divided by (3 - 3) + (-5)/(25/(-130)).
24
Suppose 10*k - 2013 = 197. Calculate the remainder when k is divided by 25.
21
Let m be 2/7 - 48/(-28). Suppose 3*v - 4 = x + x, m*v = 2*x. Calculate the remainder when 89 is divided by (-1)/(x/(-96)) + -1.
20
Let o = 61 + -38. Let z be 0 - (-3 - 2/(-1)). Suppose -n + 69 = z. What is the remainder when n is divided by o?
22
Let d(i) be the first derivative of i**3/3 - 5*i**2/2 + i - 1. Calculate the remainder when 43 is divided by d(7).
13
Let n = 59 - 19. Let p(m) = 8*m**2 - 2*m - 11. Calculate the remainder when p(-5) is divided by n.
39
Let f(k) = -231*k**2 + k + 5*k + 5 + 2 + 232*k**2. Let j(u) = -6*u**2 - u + 1. Let z be j(1). Calculate the remainder when 26 is divided by f(z).
5
Suppose -8*g + 7*g + 3 = 0. Let s = 14 + -10. Calculate the remainder when 3/(g/14)*1 is divided by s.
2
Suppose 3*k - 4*f = 876, -2*k - f + 573 = -0*k. Calculate the remainder when k is divided by 47.
6
Let f(y) = 6*y - 2. Suppose 3*u - 26 = 4*c, -6 = -4*u + c + 7. What is the remainder when f(5) is divided by 12 - 4*u/8 - 1?
8
Let h = 767 - 688. Calculate the remainder when h is divided by 24.
7
Let i(a) = 7*a - 2. Let j be i(2). Let p = j + 9. Suppose -3*l = r - p, 5*l + 4*r - 29 = 6. Calculate the remainder when 20 is divided by l.
6
Let x be 4/(-18) - (-38)/9. What is the remainder when 4/10 + (-368)/(-80) is divided by 2/x*-2 - -5?
1
Suppose -58*c + 72*c - 3402 = 0. Calculate the remainder when c is divided by 41.
38
Suppose 3*z - 5*z = -2*v - 132, -3*z + 198 = -2*v. Let l be 2/6*(-11)/(33/(-9)). Calculate the remainder when z is divided by 13 - (-12)/3*l.
15
Suppose -45*a = -8323 - 7382. Calculate the remainder when a is divided by 17.
9
Let k = -522 - -893. What is the remainder when k is divided by 105?
56
Let n(s) = 37*s**2 - 31*s. Let f be n(7). Calculate the remainder when f/(-90)*-3 - (-2)/(-10) is divided by 9.
8
Let w = 4 - 22. What is the remainder when 7 is divided by (-129)/w + 0 + 11/(-66)?
0
Let r = -15 + 17. Suppose 4*i + 16 = 4*p - 24, 2*p - 5*i - 29 = 0. Calculate the remainder when (-11 + 10)/(r/(-24)) is divided by p.
5
Let w(t) = -t**3 + 5*t**2 + 2. Let c be w(4). Let h = 29 - c. Calculate the remainder when 43 is divided by h.
10
Let q = 43 + -26. Let g be 161/((-4)/4)*(2 + -1). Let b = g + 226. Calculate the remainder when b is divided by q.
14
Let u(y) = 53*y**3 - 3 + 2*y + 4*y - 101*y**3 - 5*y**2 + 56*y**3. Let i = -20 - -31. What is the remainder when u(2) is divided by i?
9
Let j(i) = 8*i + 5. Let d(y) = 36*y**2 + 2*y. Let g be d(-2). Calculate the remainder when (-18)/7*g/(-15) is divided by j(0).
4
Let z(k) = -k**2 + 3*k + 10. Let h(s) = -s**3 - 9*s**2 - 7*s + 10. Let l be h(-8). What is the remainder when (l*-1)/(14/(-203)) is divided by z(0)?
9
What is the remainder when (-16 - -21)/((-3)/(-15)) is divided by 11?
3
Let l = 617 - 603. Calculate the remainder when 207 is divided by l.
11
What is the remainder when 110 is divided by ((-12)/(-14))/(315/2940)?
6
Suppose -5*y = 0, 3*y - 88 = 3*s + 110. Let m = s + 129. Calculate the remainder when m is divided by 6.
3
Suppose 3*i = 4*i - 3*d - 18, 4*i + 5*d = 55. Suppose 25*p = -25*p + 54*p - 460. Calculate the remainder when p is divided by i.
10
Let y(d) = d**2 - 38*d + 22. Calculate the remainder when y(39) is divided by 3.
1
Suppose -84 = -8*d + 2*d. Let k(y) = -y**3 + 12*y**2 + 14*y - 5. 